{"id":68,"date":"2022-04-23T00:57:38","date_gmt":"2022-04-22T22:57:38","guid":{"rendered":"https:\/\/olibet.ch\/?page_id=68"},"modified":"2022-05-05T14:35:07","modified_gmt":"2022-05-05T12:35:07","slug":"supervision-unser-rahmen","status":"publish","type":"page","link":"https:\/\/olibet.ch\/?page_id=68","title":{"rendered":"Supervision. Unser Rahmen."},"content":{"rendered":"\n<h3 class=\"wp-block-heading\">Was.<\/h3>\n\n\n\n<p>Euer Team sucht einen Ort f\u00fcr einen offenen Austausch? Dein Leitungsteam m\u00f6chte ausserhalb des Tagesgesch\u00e4fts einen schon lange schwelenden Konflikt l\u00f6sen? Der Vorstand deines Vereins will sich fr\u00fchzeitig \u00fcber die Nachfolge der langj\u00e4hrigen Pr\u00e4sidentin Gedanken machen?<\/p>\n\n\n\n<p>Ich bin es als systemischer Supervisor gewohnt gemeinsam mit Teams und Gruppen einen Rahmen zu schaffen, in dem vieles einen Platz findet: Sch\u00f6nes, Trauriges, Erfreuliches oder auch Schweres.  <\/p>\n\n\n\n<h3 class=\"wp-block-heading\">Wo.<\/h3>\n\n\n\n<p>Viele kennen den klassischen Stuhlkreis. Dieser hat seine Berechtigung, da er einen Austausch auf Augenh\u00f6he erm\u00f6glicht. Gerne adaptiere ich den Kreis je nach Situation. Draussen in der Natur, beweglich im Raum, unterwegs in der Stadt. Immer dient der Ort dem Ziel, einen gemeinsamen Rahmen zu schaffen.<\/p>\n\n\n\n<h3 class=\"wp-block-heading\">Wie.<\/h3>\n\n\n\n<p>Ihr meldet euch bei mir. An einem Erstgespr\u00e4ch kl\u00e4ren wir die Rahmenbedingungen. Danach entscheiden wir, ob und in welcher Form wir zusammenarbeiten.<\/p>\n\n\n\n<h3 class=\"wp-block-heading\">Wieviel.<\/h3>\n\n\n\n<p>Mein Grundtarif f\u00fcr eine Team- oder Gruppensupervision in St.Gallen betr\u00e4gt 200 Franken in der Stunde. Zus\u00e4tzlich verrechne ich allf\u00e4llige Reise- und Raumkosten nach Absprache.<\/p>\n","protected":false},"excerpt":{"rendered":"<p>Was. Euer Team sucht einen Ort f\u00fcr einen offenen Austausch? Dein Leitungsteam m\u00f6chte ausserhalb des Tagesgesch\u00e4fts einen schon lange schwelenden Konflikt l\u00f6sen? Der Vorstand deines Vereins will sich fr\u00fchzeitig \u00fcber die Nachfolge der langj\u00e4hrigen Pr\u00e4sidentin Gedanken machen? Ich bin es als systemischer Supervisor gewohnt gemeinsam mit Teams und Gruppen einen Rahmen zu schaffen, in dem&hellip;<\/p>\n","protected":false},"author":1,"featured_media":0,"parent":0,"menu_order":0,"comment_status":"closed","ping_status":"closed","template":"","meta":{"_editorskit_title_hidden":false,"_editorskit_reading_time":1,"_editorskit_is_block_options_detached":false,"_editorskit_block_options_position":"{}","footnotes":""},"class_list":["post-68","page","type-page","status-publish","hentry"],"_links":{"self":[{"href":"https:\/\/olibet.ch\/index.php?rest_route=\/wp\/v2\/pages\/68","targetHints":{"allow":["GET"]}}],"collection":[{"href":"https:\/\/olibet.ch\/index.php?rest_route=\/wp\/v2\/pages"}],"about":[{"href":"https:\/\/olibet.ch\/index.php?rest_route=\/wp\/v2\/types\/page"}],"author":[{"embeddable":true,"href":"https:\/\/olibet.ch\/index.php?rest_route=\/wp\/v2\/users\/1"}],"replies":[{"embeddable":true,"href":"https:\/\/olibet.ch\/index.php?rest_route=%2Fwp%2Fv2%2Fcomments&post=68"}],"version-history":[{"count":6,"href":"https:\/\/olibet.ch\/index.php?rest_route=\/wp\/v2\/pages\/68\/revisions"}],"predecessor-version":[{"id":246,"href":"https:\/\/olibet.ch\/index.php?rest_route=\/wp\/v2\/pages\/68\/revisions\/246"}],"wp:attachment":[{"href":"https:\/\/olibet.ch\/index.php?rest_route=%2Fwp%2Fv2%2Fmedia&parent=68"}],"curies":[{"name":"wp","href":"https:\/\/api.w.org\/{rel}","templated":true}]}}

<h3 class="wp-block-heading">Was.</h3>



<p>Euer Team sucht einen Ort für einen offenen Austausch? Dein Leitungsteam möchte ausserhalb des Tagesgeschäfts einen schon lange schwelenden Konflikt lösen? Der Vorstand deines Vereins will sich frühzeitig über die Nachfolge der langjährigen Präsidentin Gedanken machen?</p>



<p>Ich bin es als systemischer Supervisor gewohnt gemeinsam mit Teams und Gruppen einen Rahmen zu schaffen, in dem vieles einen Platz findet: Schönes, Trauriges, Erfreuliches oder auch Schweres.  </p>



<h3 class="wp-block-heading">Wo.</h3>



<p>Viele kennen den klassischen Stuhlkreis. Dieser hat seine Berechtigung, da er einen Austausch auf Augenhöhe ermöglicht. Gerne adaptiere ich den Kreis je nach Situation. Draussen in der Natur, beweglich im Raum, unterwegs in der Stadt. Immer dient der Ort dem Ziel, einen gemeinsamen Rahmen zu schaffen.</p>



<h3 class="wp-block-heading">Wie.</h3>



<p>Ihr meldet euch bei mir. An einem Erstgespräch klären wir die Rahmenbedingungen. Danach entscheiden wir, ob und in welcher Form wir zusammenarbeiten.</p>



<h3 class="wp-block-heading">Wieviel.</h3>



<p>Mein Grundtarif für eine Team- oder Gruppensupervision in St.Gallen beträgt 200 Franken in der Stunde. Zusätzlich verrechne ich allfällige Reise- und Raumkosten nach Absprache.</p>

<p>Was. Euer Team sucht einen Ort für einen offenen Austausch? Dein Leitungsteam möchte ausserhalb des Tagesgeschäfts einen schon lange schwelenden Konflikt lösen? Der Vorstand deines Vereins will sich frühzeitig über die Nachfolge der langjährigen Präsidentin Gedanken machen? Ich bin es als systemischer Supervisor gewohnt gemeinsam mit Teams und Gruppen einen Rahmen zu schaffen, in dem&hellip;</p>
