{"id":30,"date":"2022-04-22T23:31:53","date_gmt":"2022-04-22T21:31:53","guid":{"rendered":"https:\/\/olibet.ch\/?page_id=30"},"modified":"2022-08-26T13:09:07","modified_gmt":"2022-08-26T11:09:07","slug":"begleitung-dein-weg","status":"publish","type":"page","link":"https:\/\/olibet.ch\/?page_id=30","title":{"rendered":"Begleitung. Dein Weg."},"content":{"rendered":"\n<h3 class=\"wp-block-heading\">Was.<\/h3>\n\n\n\n<p>Du stehst vor einer beruflichen Entscheidung? Du hast ein pers\u00f6nliches Anliegen? Du m\u00f6chtest dich mit jemandem \u00fcber die Erziehung deines Kindes austauschen?<\/p>\n\n\n\n<p>Ich bin gerne bereit, dich ein St\u00fcck weit auf deinem Weg zu begleiten. In einem ersten &#8211; meist telefonischen &#8211; Kontakt kl\u00e4ren wir die Rahmenbedingungen und tauschen uns \u00fcber die Form des Coaching aus. Dann machen wir uns gemeinsam auf den Weg.<\/p>\n\n\n\n<h3 class=\"wp-block-heading\">Wo.<\/h3>\n\n\n\n<p>Gute Erfahrungen habe ich gemacht, wenn wir den gemeinsamen Weg im Wortsinn unter die F\u00fcsse nehmen: bei einem Spaziergang oder auf einer Wanderung abseits der bekannten Wege.<\/p>\n\n\n\n<p>Ein Online-Coaching kann in bestimmten Situationen f\u00fcr dich eine Erleichterung sein. Darin kenne ich mich aus und ich bin gerne bereit dich digital zu begleiten. Wir k\u00f6nnen uns aber auch ganz klassisch in einem Raum treffen.<\/p>\n\n\n\n<h3 class=\"wp-block-heading\">Wie.<\/h3>\n\n\n\n<p>Du meldest dich bei mir. An einem Erstgespr\u00e4ch kl\u00e4ren wir die Rahmenbedingungen. Danach entscheiden wir, ob und in welcher Form wir zusammenarbeiten.<\/p>\n\n\n\n<h3 class=\"wp-block-heading\">Wieviel.<\/h3>\n\n\n\n<p>Mein Grundtarif f\u00fcr eine Einzelbegleitung in St.Gallen betr\u00e4gt 150 Franken in der Stunde. Zus\u00e4tzlich verrechne ich allf\u00e4llige Reise- und Raumkosten nach Absprache. Dieser Grundtarif ist &#8211; je nach deinen finanziellen M\u00f6glichkeiten &#8211; immer auch verhandelbar.<\/p>\n","protected":false},"excerpt":{"rendered":"<p>Was. Du stehst vor einer beruflichen Entscheidung? Du hast ein pers\u00f6nliches Anliegen? Du m\u00f6chtest dich mit jemandem \u00fcber die Erziehung deines Kindes austauschen? Ich bin gerne bereit, dich ein St\u00fcck weit auf deinem Weg zu begleiten. In einem ersten &#8211; meist telefonischen &#8211; Kontakt kl\u00e4ren wir die Rahmenbedingungen und tauschen uns \u00fcber die Form des&hellip;<\/p>\n","protected":false},"author":1,"featured_media":0,"parent":0,"menu_order":0,"comment_status":"closed","ping_status":"closed","template":"","meta":{"_editorskit_title_hidden":false,"_editorskit_reading_time":1,"_editorskit_is_block_options_detached":false,"_editorskit_block_options_position":"{}","footnotes":""},"class_list":["post-30","page","type-page","status-publish","hentry"],"_links":{"self":[{"href":"https:\/\/olibet.ch\/index.php?rest_route=\/wp\/v2\/pages\/30","targetHints":{"allow":["GET"]}}],"collection":[{"href":"https:\/\/olibet.ch\/index.php?rest_route=\/wp\/v2\/pages"}],"about":[{"href":"https:\/\/olibet.ch\/index.php?rest_route=\/wp\/v2\/types\/page"}],"author":[{"embeddable":true,"href":"https:\/\/olibet.ch\/index.php?rest_route=\/wp\/v2\/users\/1"}],"replies":[{"embeddable":true,"href":"https:\/\/olibet.ch\/index.php?rest_route=%2Fwp%2Fv2%2Fcomments&post=30"}],"version-history":[{"count":7,"href":"https:\/\/olibet.ch\/index.php?rest_route=\/wp\/v2\/pages\/30\/revisions"}],"predecessor-version":[{"id":252,"href":"https:\/\/olibet.ch\/index.php?rest_route=\/wp\/v2\/pages\/30\/revisions\/252"}],"wp:attachment":[{"href":"https:\/\/olibet.ch\/index.php?rest_route=%2Fwp%2Fv2%2Fmedia&parent=30"}],"curies":[{"name":"wp","href":"https:\/\/api.w.org\/{rel}","templated":true}]}}